78)/t)/((-6)/(-2092))?
3
Let u(v) = -v**3 - 4*v**2 - 3*v + 2. Let h be u(-3). Suppose 2972 = 4*z + 7*o - h*o, z - 758 = -5*o. Suppose 36*y - 30*y = z. What is the hundreds digit of y?
1
Let z = 33719 + -21791. What is the units digit of z?
8
Let b be 2/12 - (-13625)/(-30). Let q = -452 - -1130. Let n = q + b. What is the tens digit of n?
2
Suppose -146*c - 76226 + 8697 = -157*c. What is the tens digit of c?
3
What is the tens digit of 122/61*(2 - 0 - -3962)?
2
Let u(z) = -527*z - 63. Let n(m) = -m + 5. Let c(o) = -6*n(o) - u(o). What is the thousands digit of c(2)?
1
Let s be (41/1)/((-6 - 1) + 8). Suppose -29*u - 7332 = -s*u. What is the units digit of u?
1
Let v(m) = -5*m. Let t be v(-1). Suppose 1063 = 3*u - 2*l, -t*u - 4*l = -2*u - 1087. Suppose -3*o + j = -369, 3*o + 0*j - u = 5*j. What is the units digit of o?
4
Let r(i) be the second derivative of -25*i**3/2 + 3*i**2/2 + 5*i. What is the units digit of r(-8)?
3
Suppose 4*n - b - 29844 = 0, 66*b - 63*b = 12. What is the units digit of n?
2
Let j(a) = 4*a**2 + 3*a. Let c be j(-2). Let z be (-42)/(-14) + (-9)/(-3). Suppose z*l - c*l = -52. What is the tens digit of l?
1
Suppose 0 = -n + 4*n - 3. Let f be (0 + 4)*n/(-4). What is the units digit of f*(60/(-1) + 4)?
6
Let j be (-3*(-2)/(-4))/((-27)/139950). Suppose 6*h = 31*h - j. What is the tens digit of h?
1
Let t(k) = 17*k - 80. Let z be t(8). Let x = 520 - z. What is the hundreds digit of x?
4
Suppose -48*b = 152*b + 217*b - 12637602. What is the units digit of b?
6
Let i = 106 - 306. Let z = 0 - i. What is the hundreds digit of z?
2
Let n(i) = -8*i**3 - 326*i**2 + 109*i + 120. What is the hundreds digit of n(-43)?
7
What is the units digit of ((-48)/(-312))/(6/1262274)?
6
What is the units digit of (-30)/12*913692/(-195)?
4
Let h(q) = 8*q + 87. Let j be h(18). Suppose -2*l - 17 = -j. What is the tens digit of l?
0
Suppose 176*k - 180*k + 5*u + 42137 = 0, -3*u = -k + 10543. What is the thousands digit of k?
0
Let r = -48 + 19. Suppose u = -206 + 14. Let l = r - u. What is the hundreds digit of l?
1
Let q = -3745 - -6932. What is the units digit of q?
7
Let y be 524/6 + 12/(-9). Suppose -c + 22 = 2*q, 0*c + 3*c - 4*q = y. Suppose -3*h + 121 = 4*s, -h + c + 17 = 2*s. What is the units digit of h?
5
Let a(t) = t**2 - 9*t + 5. Let z be a(18). Suppose -669 = -19*y + z. What is the tens digit of y?
4
Let b = 33066 - 19452. What is the tens digit of b?
1
Let y be -3 - 18*(-52)/(-8). Let i be (3 - 3)*((-27)/(-6) + -5). What is the tens digit of (3 - i - 2) + -3 - y?
1
Let u be (-1 - -13) + -12 + 14. Suppose 7 = 3*f - u. Let d = 7 + f. What is the units digit of d?
4
Let j = -101 - -105. Suppose -4*s + 132 = -3*m - 1087, 0 = -5*s - j*m + 1485. What is the hundreds digit of s?
3
Suppose -4*o = -3*c - 204, -3*o - 52 + 200 = -c. What is the units digit of (2*-1)/((o/(-404))/12)?
2
Let k(w) be the third derivative of w**5/15 + w**4/12 + 13*w**3/6 - w**2. Let b = -2437 + 2441. What is the tens digit of k(b)?
8
Let s be -4 + (-20)/(-4) + 793. Let j = s + -507. Suppose -241 = -12*n + j. What is the units digit of n?
4
Let a(t) = -47*t - 219. What is the units digit of a(-31)?
8
Let v = -46 + 45. Let a(k) = -7*k**3 - 2*k - 1. Let z be a(v). Suppose z*w - 258 = 430. What is the tens digit of w?
8
What is the tens digit of ((-9)/((-72)/(-9670)))/((-9)/36)?
3
Let y(m) be the second derivative of -4*m**3/3 - m**2/2 + 3*m + 1. Let l(v) = -2*v + 11. Let z be l(9). What is the tens digit of y(z)?
5
Let l(y) = 4078*y**2 - 6*y + 3. What is the tens digit of l(-2)?
2
Let q(k) = 183*k**2 - 55*k + 204. What is the units digit of q(9)?
2
Suppose 3*a = -4*a + 9128. Suppose -2*d + 684 + a = 0. What is the units digit of d?
4
Let x(g) = -g**2 + 5*g + 9. Let u be x(7). Let t(n) = -n**2. Let r(a) = -10*a**2 - 3*a + 11. Let w(f) = -r(f) + 5*t(f). What is the tens digit of w(u)?
9
Let t = -22 - 33. Let r = t - -57. Suppose n - r*q - 40 = -0*n, -3*q = 4*n - 171. What is the tens digit of n?
4
Let k(m) = 49*m - 245. Let u be k(5). Suppose -n + 3*r + 1331 = -u*n, -3*n + 4*r = -4003. What is the tens digit of n?
3
Let v(q) = -26*q + 4 + 23*q + 21*q**2 + 2*q**2. Let d be v(2). Suppose d = 7*u + 13. What is the tens digit of u?
1
Let k(l) = l**2 + 25. Let z be k(14). Let i = z - 117. Suppose -i = 4*q - 8*q. What is the tens digit of q?
2
Let z be -1 + 9 + 20 + -26. Suppose -2 - 1 = -3*f, -9 = 2*b - 5*f. What is the tens digit of (b - z)/((-2)/34)?
6
Let n(c) = -24*c + 132. Let g(w) = 24*w - 129. Let z(b) = -3*g(b) - 4*n(b). What is the tens digit of z(31)?
0
Suppose -m = 2*p - 35, 17 = -5*m + 2*p + 144. Let q be 6/m + (-158)/(-18). Suppose 2700 = q*o + 3*o. What is the hundreds digit of o?
2
Suppose -x = -y + 31780, 56*y + 3*x - 158924 = 51*y. What is the hundreds digit of y?
7
Let f be (-12)/8*7/(42/(-244)). What is the units digit of (-15)/3 + 2 + f?
8
Let q(x) = 19*x + 160. Let t be 1/((-120)/(-116) + -1). What is the tens digit of q(t)?
1
Suppose 0 = 220*u - 3381157 + 725757. What is the tens digit of u?
7
What is the ten thousands digit of ((-403614)/(-7))/3 + -4 + (-240)/(-56)?
1
What is the thousands digit of (-3)/(-8) + (8 - (-181735)/152)?
1
Suppose 0 = 32*n - 33*n + 5*l + 25, 4*n - 5*l - 55 = 0. Suppose -n*u - 8092 = -27*u. What is the units digit of u?
6
Let p = 53701 - -22193. What is the tens digit of p?
9
Suppose i = -2*a - 12154 + 81778, 69632 = 2*a - 3*i. What is the thousands digit of a?
4
Let o(d) be the second derivative of 8*d**2 + 3/2*d**3 + 0 - 16*d. What is the units digit of o(6)?
0
Let t = -179 + 179. Suppose t = 15*f - 5641 - 4604. What is the hundreds digit of f?
6
Suppose -25 = -5*c + 75. Let k(r) = c - r + 0*r + 2*r. What is the tens digit of k(0)?
2
Suppose 20*v - 400100 - 148400 = 0. What is the hundreds digit of v?
4
Suppose -4*f + 71 = 5*p, 3*p + 4*f - 47 = 6*f. Let r(o) = -o**2 + 18*o - 24. What is the units digit of r(p)?
1
Suppose -k - 2*j = -7675, 0*j + 5*j - 7690 = -k. What is the thousands digit of k?
7
Let q = -92 - -96. Suppose -2*h + 0*h + 4*v = q, 0 = 2*h - v - 5. Suppose -5*f = -h*l - 1042, -3*l = -5*f + 6*f - 216. What is the hundreds digit of f?
2
Suppose t - 33169 = 5*b, 4*t + 29*b - 32*b - 132591 = 0. What is the hundreds digit of t?
1
Let k = 249 + 21. Let b(l) = -9*l - 34. Let g be b(14). Let c = k + g. What is the tens digit of c?
1
Let p = -88 + 86. Let a be (-22 + 6/(-2))*(-1 + p). Suppose -74*h + a*h = 182. What is the tens digit of h?
8
Let b = 89 + -76. Suppose -b*m = 4*m - 9452. Suppose 2*g = -3*n + 371, -4*g + m = n - 211. What is the hundreds digit of g?
1
Suppose -33*r + 242989 - 69805 = 0. What is the tens digit of r?
4
Suppose -278451 - 47919 = -9*f - 6*f. What is the tens digit of f?
5
Let a(u) = 280*u**2 - 13*u - 111. What is the units digit of a(8)?
5
Let c(j) = 561*j**2 + 3*j - 52. What is the thousands digit of c(4)?
8
Suppose 4 = 8*m - 12. Suppose n - 306 = 5*g, -9*n - m*g = -8*n - 320. What is the hundreds digit of n?
3
Let o(k) = 4*k - 98. Let y be o(26). Suppose 3971 = 2*s - l, 5*l = y*l + 3. What is the thousands digit of s?
1
What is the hundreds digit of 3/(-6) - ((-514288)/32 + -17)?
0
Let d be (2/(-2))/(-2*(-2)/(-20)). What is the hundreds digit of -1*(-5)/d - (-963 - -10)?
9
Let b(l) = -l**3 - 6*l**2 - 2*l - 8. Let d be b(-6). Suppose 4*s - 2*o = 162, -83 = -5*s - d*o + 139. What is the tens digit of s?
4
Let i be 15 - ((-10)/(-14) - 2/(-7)). Suppose -3*j + 3 = -2*c + 5, -5*c + 3*j = -i. Suppose 3*a + 38 = 8*a - c*q, 5*q = 15. What is the units digit of a?
0
Let w(o) = -7*o - 326. Let z be w(-47). Suppose z*u = -16*q + 20*q + 5219, 5*q + 8690 = 5*u. What is the hundreds digit of u?
7
Suppose 910*p - 913*p - 135 = 0. Suppose -4 - 171 = 5*r. Let v = r - p. What is the tens digit of v?
1
Suppose 4*b - 26 = 3*u - 6*u, 3*b = -4*u + 16. What is the tens digit of ((-88)/10)/(b/(-160))?
7
Suppose -s - l - 1 = 0, s - 1 = -3*l - 4. Suppose 6*b - 12 = -s*b. Suppose -683 = -5*d + v, 4*v = -4*d + b*v + 552. What is the tens digit of d?
3
Suppose 0 = 5*i - v - 91, 13*i - 15*i + 2*v = -30. Suppose -i*o + 18036 = 8*o. What is the units digit of o?
8
Let x(s) = 27*s**2 + 13*s + 76. Suppose -2*r = 2*z - 7*z + 22, -2*z + 10 = -r. What is the hundreds digit of x(r)?
9
Suppose 0 = 3*m - 4*y + 5*y + 4, 2*m - 3*y = 12. Le